{"id":16,"date":"2023-08-17T23:28:29","date_gmt":"2023-08-17T21:28:29","guid":{"rendered":"https:\/\/based.200.solutions\/subdomains\/based\/?page_id=16"},"modified":"2023-09-17T19:53:42","modified_gmt":"2023-09-17T17:53:42","slug":"pro-skoly","status":"publish","type":"page","link":"https:\/\/based.200.solutions\/?page_id=16","title":{"rendered":"Pro \u0161koly"},"content":{"rendered":"\n<p class=\"has-text-color\" style=\"color:#ffe90d;font-size:clamp(14px, 0.875rem + ((1vw - 3.2px) * 0.682), 20px);\">Based jako pomocn\u00edk p\u0159i v\u00fduce<\/p>\n\n\n\n<p>Spole\u010densk\u00fdm v\u011bd\u00e1m a obecn\u011b v\u00fduce znalost\u00ed nutn\u00fdch pro ka\u017edodenn\u00ed \u017eivot se ve \u0161kol\u00e1ch mnohdy v\u011bnuje velmi m\u00e1lo \u010dasu, o hodinov\u00e9 dotaci pro finan\u010dn\u00ed gramotnost \u010di sexu\u00e1ln\u00ed v\u00fdchovu \u0161koda mluvit. Based t\u00fdm se proto sna\u017e\u00ed nejen o zefektivn\u011bn\u00ed, ale p\u0159edev\u0161\u00edm o zatraktivn\u011bn\u00ed t\u011bch p\u0159edm\u011bt\u016f, na kter\u00e9 nen\u00ed dlouhodob\u011b kladen dostate\u010dn\u00fd d\u016fraz. Pomoci tomu m\u00e1 tak\u00e9 metodika, kter\u00e1 nab\u00edz\u00ed p\u0159\u00edklady dal\u0161\u00ed pr\u00e1ce s videem v hodin\u011b, d\u00edky \u010demu\u017e se z \u010dist\u011b front\u00e1ln\u00ed v\u00fduky st\u00e1v\u00e1 r\u016fznorod\u00e1 aktivita s bonusem snadn\u011bji nabyt\u00fdch znalost\u00ed.<\/p>\n\n\n\n<p class=\"has-text-color\" style=\"color:#ffe90d;font-size:clamp(14px, 0.875rem + ((1vw - 3.2px) * 0.682), 20px);\">Metodika<\/p>\n\n\n\n<p>Metodika k Based obsahu si klade za c\u00edl p\u0159edev\u0161\u00edm zohledn\u011bn\u00ed r\u016fzn\u00fdch styl\u016f u\u010den\u00ed a li\u0161\u00edc\u00edch se studijn\u00edch pot\u0159eb jednotliv\u00fdch \u017e\u00e1k\u016f. Konkr\u00e9tn\u00ed p\u0159\u00edklad lze uv\u00e9st na z\u00e1kladn\u00edch \u010dty\u0159ech typech studenta (vych\u00e1z\u00ed ze <a href=\"https:\/\/www.slabikarnfv.eu\/slabikar_digital_cs.pdf\">Slabik\u00e1\u0159e neform\u00e1ln\u00edho vzd\u011bl\u00e1v\u00e1n\u00ed v pr\u00e1ci s ml\u00e1de\u017e\u00ed<\/a>):<\/p>\n\n\n\n<p><strong>aktivista<\/strong> \u2013 pot\u0159ebuje v\u011bci zkou\u0161et<br><strong>teoretik<\/strong> \u2013 uva\u017euje velmi logicky a hled\u00e1 jasn\u011b podlo\u017een\u00e9 argumenty<br><strong>pozorovatel<\/strong> \u2013 pot\u0159ebuje rozum\u011bt kontextu \u010dinnosti, skupinu narozd\u00edl od aktivist\u016f sp\u00ed\u0161e pozoruje<br><strong>pragmatik<\/strong> \u2013 tak\u00e9 pot\u0159ebuje v\u011bci zkou\u0161et, ale v kontextu konkr\u00e9tn\u00ed \u010dinnosti<\/p>\n\n\n\n<p>V r\u00e1mci tohoto rozd\u011blen\u00ed pak m\u016f\u017eeme ur\u010dit pil\u00ed\u0159e, na kter\u00fdch Based<em> <\/em>metodika spolu s videi bude stoj\u00ed, tak, aby bylo zohledn\u011bno co nejv\u00edce diverzn\u00edch prvk\u016f \u017e\u00e1k\u016f a student\u016f:<\/p>\n\n\n\n<p>1. souhrn z\u00e1kladn\u00edch informac\u00ed z videa<br>2. d\u016fv\u011bryhodn\u00e9 zdroje pro dal\u0161\u00ed informace<br>3. pracovn\u00ed list pro aktivn\u00ed opakov\u00e1n\u00ed<br>4. mo\u017enosti pro aktivn\u00ed vyu\u017eit\u00ed elektroniky, m\u00e9di\u00ed a internetu ve v\u00fduce<br>5. n\u00e1vrhy pr\u00e1ce ve skupin\u011b<\/p>\n\n\n\n<p>T\u011bchto p\u011bt pil\u00ed\u0159\u016f tvo\u0159\u00ed kostru metodik k jednotliv\u00fdm vide\u00edm. Ne v\u0161echna t\u00e9mata umo\u017e\u0148uj\u00ed plnohodnotn\u00e9 napln\u011bn\u00ed v\u0161ech pot\u0159eb, v ka\u017ed\u00e9m p\u0159\u00edpad\u011b je na n\u011b ale v\u017edy br\u00e1n ohled. Ka\u017ed\u00fd metodick\u00fd podklad vznik\u00e1 zvl\u00e1\u0161\u0165 v souladu se sc\u00e9n\u00e1\u0159i jednotliv\u00fdch vide\u00ed. Sou\u010d\u00e1st\u00ed metodiky je soubor aktivit, pracovn\u00edch list\u016f a dal\u0161\u00edch zdroj\u016f pro kompletn\u00ed rekapitulaci z\u00e1kladn\u00edch informac\u00ed z dan\u00e9ho oblasti.<\/p>\n","protected":false},"excerpt":{"rendered":"<p>Based jako pomocn\u00edk p\u0159i v\u00fduce Spole\u010densk\u00fdm v\u011bd\u00e1m a obecn\u011b v\u00fduce znalost\u00ed nutn\u00fdch pro ka\u017edodenn\u00ed \u017eivot se ve \u0161kol\u00e1ch mnohdy v\u011bnuje velmi m\u00e1lo \u010dasu, o hodinov\u00e9 dotaci pro finan\u010dn\u00ed gramotnost \u010di sexu\u00e1ln\u00ed v\u00fdchovu \u0161koda mluvit. Based t\u00fdm se proto sna\u017e\u00ed nejen o zefektivn\u011bn\u00ed, ale p\u0159edev\u0161\u00edm o zatraktivn\u011bn\u00ed t\u011bch p\u0159edm\u011bt\u016f, na kter\u00e9 nen\u00ed dlouhodob\u011b kladen dostate\u010dn\u00fd d\u016fraz. [&hellip;]<\/p>\n","protected":false},"author":1,"featured_media":0,"parent":0,"menu_order":0,"comment_status":"closed","ping_status":"closed","template":"","meta":{"inline_featured_image":false,"footnotes":""},"class_list":["post-16","page","type-page","status-publish","hentry"],"acf":[],"_links":{"self":[{"href":"https:\/\/based.200.solutions\/index.php?rest_route=\/wp\/v2\/pages\/16","targetHints":{"allow":["GET"]}}],"collection":[{"href":"https:\/\/based.200.solutions\/index.php?rest_route=\/wp\/v2\/pages"}],"about":[{"href":"https:\/\/based.200.solutions\/index.php?rest_route=\/wp\/v2\/types\/page"}],"author":[{"embeddable":true,"href":"https:\/\/based.200.solutions\/index.php?rest_route=\/wp\/v2\/users\/1"}],"replies":[{"embeddable":true,"href":"https:\/\/based.200.solutions\/index.php?rest_route=%2Fwp%2Fv2%2Fcomments&post=16"}],"version-history":[{"count":12,"href":"https:\/\/based.200.solutions\/index.php?rest_route=\/wp\/v2\/pages\/16\/revisions"}],"predecessor-version":[{"id":215,"href":"https:\/\/based.200.solutions\/index.php?rest_route=\/wp\/v2\/pages\/16\/revisions\/215"}],"wp:attachment":[{"href":"https:\/\/based.200.solutions\/index.php?rest_route=%2Fwp%2Fv2%2Fmedia&parent=16"}],"curies":[{"name":"wp","href":"https:\/\/api.w.org\/{rel}","templated":true}]}}